{"id":2434,"date":"2021-12-16T19:55:53","date_gmt":"2021-12-16T19:55:53","guid":{"rendered":"http:\/\/quasepedagogico.com.br\/site2\/?page_id=2434"},"modified":"2021-12-17T12:33:35","modified_gmt":"2021-12-17T12:33:35","slug":"galeria","status":"publish","type":"page","link":"https:\/\/quasepedagogico.com.br\/site2\/galeria\/","title":{"rendered":"Galeria"},"content":{"rendered":"\t\t<div data-elementor-type=\"wp-page\" data-elementor-id=\"2434\" class=\"elementor elementor-2434\" data-elementor-settings=\"{&quot;ha_cmc_init_switcher&quot;:&quot;no&quot;}\">\n\t\t\t\t\t\t<section class=\"elementor-section elementor-top-section elementor-element elementor-element-e92e199 elementor-section-boxed elementor-section-height-default elementor-section-height-default\" data-id=\"e92e199\" data-element_type=\"section\">\n\t\t\t\t\t\t<div class=\"elementor-container elementor-column-gap-default\">\n\t\t\t\t\t<div class=\"elementor-column elementor-col-100 elementor-top-column elementor-element elementor-element-72fcaf2\" data-id=\"72fcaf2\" data-element_type=\"column\">\n\t\t\t<div class=\"elementor-widget-wrap elementor-element-populated\">\n\t\t\t\t\t\t<div class=\"elementor-element elementor-element-7f63cd0 elementor-widget elementor-widget-heading\" data-id=\"7f63cd0\" data-element_type=\"widget\" data-widget_type=\"heading.default\">\n\t\t\t\t<div class=\"elementor-widget-container\">\n\t\t\t\t\t<h2 class=\"elementor-heading-title elementor-size-default\">Carta de 23 de Maio de 1932<\/h2>\t\t\t\t<\/div>\n\t\t\t\t<\/div>\n\t\t\t\t\t<\/div>\n\t\t<\/div>\n\t\t\t\t\t<\/div>\n\t\t<\/section>\n\t\t\t\t<section class=\"elementor-section elementor-top-section elementor-element elementor-element-796381c elementor-section-boxed elementor-section-height-default elementor-section-height-default\" data-id=\"796381c\" data-element_type=\"section\">\n\t\t\t\t\t\t<div class=\"elementor-container elementor-column-gap-default\">\n\t\t\t\t\t<div class=\"elementor-column elementor-col-100 elementor-top-column elementor-element elementor-element-33f3a12\" data-id=\"33f3a12\" data-element_type=\"column\">\n\t\t\t<div class=\"elementor-widget-wrap elementor-element-populated\">\n\t\t\t\t\t\t<div class=\"elementor-element elementor-element-daf6352 ha-image-grid--even elementor-widget elementor-widget-ha-image-grid happy-addon ha-image-grid\" data-id=\"daf6352\" data-element_type=\"widget\" data-settings=\"{&quot;layout&quot;:&quot;even&quot;,&quot;enable_popup&quot;:&quot;yes&quot;}\" data-widget_type=\"ha-image-grid.default\">\n\t\t\t\t<div class=\"elementor-widget-container\">\n\t\t\t\t\t\n\t\t<div class=\"ha-image-grid__wrap hajs-isotope ha-lightbox--has\">\n\t\t\t\t\t\t\t\n\t\t\t\t<a href=\"#\" data-mfp-src=\"https:\/\/quasepedagogico.com.br\/site2\/wp-content\/uploads\/2021\/12\/Carta-08-3.png\" class=\"ha-image-grid__item ha-js-lightbox __fltr-1\">\n\t\t\t\t\t<img fetchpriority=\"high\" decoding=\"async\" width=\"700\" height=\"883\" src=\"https:\/\/quasepedagogico.com.br\/site2\/wp-content\/uploads\/2021\/12\/Carta-08-3.png\" class=\"elementor-animation-grow\" alt=\"\" srcset=\"https:\/\/quasepedagogico.com.br\/site2\/wp-content\/uploads\/2021\/12\/Carta-08-3.png 700w, https:\/\/quasepedagogico.com.br\/site2\/wp-content\/uploads\/2021\/12\/Carta-08-3-238x300.png 238w, https:\/\/quasepedagogico.com.br\/site2\/wp-content\/uploads\/2021\/12\/Carta-08-3-48x60.png 48w\" sizes=\"(max-width: 700px) 100vw, 700px\" \/>\t\t\t\t<\/a>\n\t\t\t\t\t\t\t\n\t\t\t\t<a href=\"#\" data-mfp-src=\"https:\/\/quasepedagogico.com.br\/site2\/wp-content\/uploads\/2021\/12\/Carta-07-3.png\" class=\"ha-image-grid__item ha-js-lightbox __fltr-1\">\n\t\t\t\t\t<img decoding=\"async\" width=\"700\" height=\"875\" src=\"https:\/\/quasepedagogico.com.br\/site2\/wp-content\/uploads\/2021\/12\/Carta-07-3.png\" class=\"elementor-animation-grow\" alt=\"\" srcset=\"https:\/\/quasepedagogico.com.br\/site2\/wp-content\/uploads\/2021\/12\/Carta-07-3.png 700w, https:\/\/quasepedagogico.com.br\/site2\/wp-content\/uploads\/2021\/12\/Carta-07-3-240x300.png 240w, https:\/\/quasepedagogico.com.br\/site2\/wp-content\/uploads\/2021\/12\/Carta-07-3-48x60.png 48w, https:\/\/quasepedagogico.com.br\/site2\/wp-content\/uploads\/2021\/12\/Carta-07-3-448x560.png 448w\" sizes=\"(max-width: 700px) 100vw, 700px\" \/>\t\t\t\t<\/a>\n\t\t\t\t\t\t\t\n\t\t\t\t<a href=\"#\" data-mfp-src=\"https:\/\/quasepedagogico.com.br\/site2\/wp-content\/uploads\/2021\/12\/Carta-06-3.png\" class=\"ha-image-grid__item ha-js-lightbox __fltr-1\">\n\t\t\t\t\t<img decoding=\"async\" width=\"700\" height=\"883\" src=\"https:\/\/quasepedagogico.com.br\/site2\/wp-content\/uploads\/2021\/12\/Carta-06-3.png\" class=\"elementor-animation-grow\" alt=\"\" srcset=\"https:\/\/quasepedagogico.com.br\/site2\/wp-content\/uploads\/2021\/12\/Carta-06-3.png 700w, https:\/\/quasepedagogico.com.br\/site2\/wp-content\/uploads\/2021\/12\/Carta-06-3-238x300.png 238w, https:\/\/quasepedagogico.com.br\/site2\/wp-content\/uploads\/2021\/12\/Carta-06-3-48x60.png 48w\" sizes=\"(max-width: 700px) 100vw, 700px\" \/>\t\t\t\t<\/a>\n\t\t\t\t\t\t\t\n\t\t\t\t<a href=\"#\" data-mfp-src=\"https:\/\/quasepedagogico.com.br\/site2\/wp-content\/uploads\/2021\/12\/Carta-09-1-3.png\" class=\"ha-image-grid__item ha-js-lightbox __fltr-1\">\n\t\t\t\t\t<img loading=\"lazy\" decoding=\"async\" width=\"700\" height=\"880\" src=\"https:\/\/quasepedagogico.com.br\/site2\/wp-content\/uploads\/2021\/12\/Carta-09-1-3.png\" class=\"elementor-animation-grow\" alt=\"\" srcset=\"https:\/\/quasepedagogico.com.br\/site2\/wp-content\/uploads\/2021\/12\/Carta-09-1-3.png 700w, https:\/\/quasepedagogico.com.br\/site2\/wp-content\/uploads\/2021\/12\/Carta-09-1-3-239x300.png 239w, https:\/\/quasepedagogico.com.br\/site2\/wp-content\/uploads\/2021\/12\/Carta-09-1-3-48x60.png 48w\" sizes=\"(max-width: 700px) 100vw, 700px\" \/>\t\t\t\t<\/a>\n\t\t\t\t\t\t\t\n\t\t\t\t<a href=\"#\" data-mfp-src=\"https:\/\/quasepedagogico.com.br\/site2\/wp-content\/uploads\/2021\/12\/Carta-10-1-2.png\" class=\"ha-image-grid__item ha-js-lightbox __fltr-1\">\n\t\t\t\t\t<img loading=\"lazy\" decoding=\"async\" width=\"700\" height=\"875\" src=\"https:\/\/quasepedagogico.com.br\/site2\/wp-content\/uploads\/2021\/12\/Carta-10-1-2.png\" class=\"elementor-animation-grow\" alt=\"\" srcset=\"https:\/\/quasepedagogico.com.br\/site2\/wp-content\/uploads\/2021\/12\/Carta-10-1-2.png 700w, https:\/\/quasepedagogico.com.br\/site2\/wp-content\/uploads\/2021\/12\/Carta-10-1-2-240x300.png 240w, https:\/\/quasepedagogico.com.br\/site2\/wp-content\/uploads\/2021\/12\/Carta-10-1-2-48x60.png 48w, https:\/\/quasepedagogico.com.br\/site2\/wp-content\/uploads\/2021\/12\/Carta-10-1-2-448x560.png 448w\" sizes=\"(max-width: 700px) 100vw, 700px\" \/>\t\t\t\t<\/a>\n\t\t\t\t\t\t\t\n\t\t\t\t<a href=\"#\" data-mfp-src=\"https:\/\/quasepedagogico.com.br\/site2\/wp-content\/uploads\/2021\/12\/Carta-11-1-3.png\" class=\"ha-image-grid__item ha-js-lightbox __fltr-1\">\n\t\t\t\t\t<img loading=\"lazy\" decoding=\"async\" width=\"700\" height=\"873\" src=\"https:\/\/quasepedagogico.com.br\/site2\/wp-content\/uploads\/2021\/12\/Carta-11-1-3.png\" class=\"elementor-animation-grow\" alt=\"\" srcset=\"https:\/\/quasepedagogico.com.br\/site2\/wp-content\/uploads\/2021\/12\/Carta-11-1-3.png 700w, https:\/\/quasepedagogico.com.br\/site2\/wp-content\/uploads\/2021\/12\/Carta-11-1-3-241x300.png 241w, https:\/\/quasepedagogico.com.br\/site2\/wp-content\/uploads\/2021\/12\/Carta-11-1-3-48x60.png 48w, https:\/\/quasepedagogico.com.br\/site2\/wp-content\/uploads\/2021\/12\/Carta-11-1-3-448x560.png 448w\" sizes=\"(max-width: 700px) 100vw, 700px\" \/>\t\t\t\t<\/a>\n\t\t\t\t\t\t\t\n\t\t\t\t<a href=\"#\" data-mfp-src=\"https:\/\/quasepedagogico.com.br\/site2\/wp-content\/uploads\/2021\/12\/Carta-12-1-2.png\" class=\"ha-image-grid__item ha-js-lightbox __fltr-1\">\n\t\t\t\t\t<img loading=\"lazy\" decoding=\"async\" width=\"700\" height=\"889\" src=\"https:\/\/quasepedagogico.com.br\/site2\/wp-content\/uploads\/2021\/12\/Carta-12-1-2.png\" class=\"elementor-animation-grow\" alt=\"\" srcset=\"https:\/\/quasepedagogico.com.br\/site2\/wp-content\/uploads\/2021\/12\/Carta-12-1-2.png 700w, https:\/\/quasepedagogico.com.br\/site2\/wp-content\/uploads\/2021\/12\/Carta-12-1-2-236x300.png 236w, https:\/\/quasepedagogico.com.br\/site2\/wp-content\/uploads\/2021\/12\/Carta-12-1-2-47x60.png 47w\" sizes=\"(max-width: 700px) 100vw, 700px\" \/>\t\t\t\t<\/a>\n\t\t\t\t\t<\/div>\n\n\t\t\t\t\t\t<\/div>\n\t\t\t\t<\/div>\n\t\t\t\t\t<\/div>\n\t\t<\/div>\n\t\t\t\t\t<\/div>\n\t\t<\/section>\n\t\t\t\t<section class=\"elementor-section elementor-top-section elementor-element elementor-element-ea2ed54 elementor-section-boxed elementor-section-height-default elementor-section-height-default\" data-id=\"ea2ed54\" data-element_type=\"section\">\n\t\t\t\t\t\t<div class=\"elementor-container elementor-column-gap-default\">\n\t\t\t\t\t<div class=\"elementor-column elementor-col-100 elementor-top-column elementor-element elementor-element-112a4bb\" data-id=\"112a4bb\" data-element_type=\"column\">\n\t\t\t<div class=\"elementor-widget-wrap elementor-element-populated\">\n\t\t\t\t\t\t<div class=\"elementor-element elementor-element-5b65ed4 elementor-widget elementor-widget-heading\" data-id=\"5b65ed4\" data-element_type=\"widget\" data-widget_type=\"heading.default\">\n\t\t\t\t<div class=\"elementor-widget-container\">\n\t\t\t\t\t<h2 class=\"elementor-heading-title elementor-size-default\">Cemit\u00e9rio da Consola\u00e7\u00e3o<\/h2>\t\t\t\t<\/div>\n\t\t\t\t<\/div>\n\t\t\t\t\t<\/div>\n\t\t<\/div>\n\t\t\t\t\t<\/div>\n\t\t<\/section>\n\t\t\t\t<section class=\"elementor-section elementor-top-section elementor-element elementor-element-439063f elementor-section-boxed elementor-section-height-default elementor-section-height-default\" data-id=\"439063f\" data-element_type=\"section\">\n\t\t\t\t\t\t<div class=\"elementor-container elementor-column-gap-default\">\n\t\t\t\t\t<div class=\"elementor-column elementor-col-100 elementor-top-column elementor-element elementor-element-71afb4c\" data-id=\"71afb4c\" data-element_type=\"column\">\n\t\t\t<div class=\"elementor-widget-wrap elementor-element-populated\">\n\t\t\t\t\t\t<div class=\"elementor-element elementor-element-f4e7ef6 ha-image-grid--even elementor-widget elementor-widget-ha-image-grid happy-addon ha-image-grid\" data-id=\"f4e7ef6\" data-element_type=\"widget\" data-settings=\"{&quot;layout&quot;:&quot;even&quot;,&quot;enable_popup&quot;:&quot;yes&quot;}\" data-widget_type=\"ha-image-grid.default\">\n\t\t\t\t<div class=\"elementor-widget-container\">\n\t\t\t\t\t\n\t\t<div class=\"ha-image-grid__wrap hajs-isotope ha-lightbox--has\">\n\t\t\t\t\t\t\t\n\t\t\t\t<a href=\"#\" data-mfp-src=\"https:\/\/quasepedagogico.com.br\/site2\/wp-content\/uploads\/2021\/12\/camiterio6-3.jpg\" class=\"ha-image-grid__item ha-js-lightbox __fltr-1\">\n\t\t\t\t\t<img loading=\"lazy\" decoding=\"async\" width=\"400\" height=\"248\" src=\"https:\/\/quasepedagogico.com.br\/site2\/wp-content\/uploads\/2021\/12\/camiterio6-3.jpg\" class=\"elementor-animation-grow\" alt=\"\" srcset=\"https:\/\/quasepedagogico.com.br\/site2\/wp-content\/uploads\/2021\/12\/camiterio6-3.jpg 400w, https:\/\/quasepedagogico.com.br\/site2\/wp-content\/uploads\/2021\/12\/camiterio6-3-300x186.jpg 300w, https:\/\/quasepedagogico.com.br\/site2\/wp-content\/uploads\/2021\/12\/camiterio6-3-97x60.jpg 97w\" sizes=\"(max-width: 400px) 100vw, 400px\" \/>\t\t\t\t<\/a>\n\t\t\t\t\t\t\t\n\t\t\t\t<a href=\"#\" data-mfp-src=\"https:\/\/quasepedagogico.com.br\/site2\/wp-content\/uploads\/2021\/12\/camiterio5-3.jpg\" class=\"ha-image-grid__item ha-js-lightbox __fltr-1\">\n\t\t\t\t\t<img loading=\"lazy\" decoding=\"async\" width=\"400\" height=\"533\" src=\"https:\/\/quasepedagogico.com.br\/site2\/wp-content\/uploads\/2021\/12\/camiterio5-3.jpg\" class=\"elementor-animation-grow\" alt=\"\" srcset=\"https:\/\/quasepedagogico.com.br\/site2\/wp-content\/uploads\/2021\/12\/camiterio5-3.jpg 400w, https:\/\/quasepedagogico.com.br\/site2\/wp-content\/uploads\/2021\/12\/camiterio5-3-225x300.jpg 225w, https:\/\/quasepedagogico.com.br\/site2\/wp-content\/uploads\/2021\/12\/camiterio5-3-45x60.jpg 45w\" sizes=\"(max-width: 400px) 100vw, 400px\" \/>\t\t\t\t<\/a>\n\t\t\t\t\t\t\t\n\t\t\t\t<a href=\"#\" data-mfp-src=\"https:\/\/quasepedagogico.com.br\/site2\/wp-content\/uploads\/2021\/12\/camiterio4-3.jpg\" class=\"ha-image-grid__item ha-js-lightbox __fltr-1\">\n\t\t\t\t\t<img loading=\"lazy\" decoding=\"async\" width=\"400\" height=\"533\" src=\"https:\/\/quasepedagogico.com.br\/site2\/wp-content\/uploads\/2021\/12\/camiterio4-3.jpg\" class=\"elementor-animation-grow\" alt=\"\" srcset=\"https:\/\/quasepedagogico.com.br\/site2\/wp-content\/uploads\/2021\/12\/camiterio4-3.jpg 400w, https:\/\/quasepedagogico.com.br\/site2\/wp-content\/uploads\/2021\/12\/camiterio4-3-225x300.jpg 225w, https:\/\/quasepedagogico.com.br\/site2\/wp-content\/uploads\/2021\/12\/camiterio4-3-45x60.jpg 45w\" sizes=\"(max-width: 400px) 100vw, 400px\" \/>\t\t\t\t<\/a>\n\t\t\t\t\t\t\t\n\t\t\t\t<a href=\"#\" data-mfp-src=\"https:\/\/quasepedagogico.com.br\/site2\/wp-content\/uploads\/2021\/12\/camiterio3-3.jpg\" class=\"ha-image-grid__item ha-js-lightbox __fltr-1\">\n\t\t\t\t\t<img loading=\"lazy\" decoding=\"async\" width=\"400\" height=\"300\" src=\"https:\/\/quasepedagogico.com.br\/site2\/wp-content\/uploads\/2021\/12\/camiterio3-3.jpg\" class=\"elementor-animation-grow\" alt=\"\" srcset=\"https:\/\/quasepedagogico.com.br\/site2\/wp-content\/uploads\/2021\/12\/camiterio3-3.jpg 400w, https:\/\/quasepedagogico.com.br\/site2\/wp-content\/uploads\/2021\/12\/camiterio3-3-300x225.jpg 300w, https:\/\/quasepedagogico.com.br\/site2\/wp-content\/uploads\/2021\/12\/camiterio3-3-80x60.jpg 80w\" sizes=\"(max-width: 400px) 100vw, 400px\" \/>\t\t\t\t<\/a>\n\t\t\t\t\t\t\t\n\t\t\t\t<a href=\"#\" data-mfp-src=\"https:\/\/quasepedagogico.com.br\/site2\/wp-content\/uploads\/2021\/12\/camiterio-2-3.jpg\" class=\"ha-image-grid__item ha-js-lightbox __fltr-1\">\n\t\t\t\t\t<img loading=\"lazy\" decoding=\"async\" width=\"400\" height=\"533\" src=\"https:\/\/quasepedagogico.com.br\/site2\/wp-content\/uploads\/2021\/12\/camiterio-2-3.jpg\" class=\"elementor-animation-grow\" alt=\"\" srcset=\"https:\/\/quasepedagogico.com.br\/site2\/wp-content\/uploads\/2021\/12\/camiterio-2-3.jpg 400w, https:\/\/quasepedagogico.com.br\/site2\/wp-content\/uploads\/2021\/12\/camiterio-2-3-225x300.jpg 225w, https:\/\/quasepedagogico.com.br\/site2\/wp-content\/uploads\/2021\/12\/camiterio-2-3-45x60.jpg 45w\" sizes=\"(max-width: 400px) 100vw, 400px\" \/>\t\t\t\t<\/a>\n\t\t\t\t\t\t\t\n\t\t\t\t<a href=\"#\" data-mfp-src=\"https:\/\/quasepedagogico.com.br\/site2\/wp-content\/uploads\/2021\/12\/camiterio-1-3.jpg\" class=\"ha-image-grid__item ha-js-lightbox __fltr-1\">\n\t\t\t\t\t<img loading=\"lazy\" decoding=\"async\" width=\"400\" height=\"533\" src=\"https:\/\/quasepedagogico.com.br\/site2\/wp-content\/uploads\/2021\/12\/camiterio-1-3.jpg\" class=\"elementor-animation-grow\" alt=\"\" srcset=\"https:\/\/quasepedagogico.com.br\/site2\/wp-content\/uploads\/2021\/12\/camiterio-1-3.jpg 400w, https:\/\/quasepedagogico.com.br\/site2\/wp-content\/uploads\/2021\/12\/camiterio-1-3-225x300.jpg 225w, https:\/\/quasepedagogico.com.br\/site2\/wp-content\/uploads\/2021\/12\/camiterio-1-3-45x60.jpg 45w\" sizes=\"(max-width: 400px) 100vw, 400px\" \/>\t\t\t\t<\/a>\n\t\t\t\t\t\t\t\n\t\t\t\t<a href=\"#\" data-mfp-src=\"https:\/\/quasepedagogico.com.br\/site2\/wp-content\/uploads\/2021\/12\/camiterio-5.jpg\" class=\"ha-image-grid__item ha-js-lightbox __fltr-1\">\n\t\t\t\t\t<img loading=\"lazy\" decoding=\"async\" width=\"400\" height=\"300\" src=\"https:\/\/quasepedagogico.com.br\/site2\/wp-content\/uploads\/2021\/12\/camiterio-5.jpg\" class=\"elementor-animation-grow\" alt=\"\" srcset=\"https:\/\/quasepedagogico.com.br\/site2\/wp-content\/uploads\/2021\/12\/camiterio-5.jpg 400w, https:\/\/quasepedagogico.com.br\/site2\/wp-content\/uploads\/2021\/12\/camiterio-5-300x225.jpg 300w, https:\/\/quasepedagogico.com.br\/site2\/wp-content\/uploads\/2021\/12\/camiterio-5-80x60.jpg 80w\" sizes=\"(max-width: 400px) 100vw, 400px\" \/>\t\t\t\t<\/a>\n\t\t\t\t\t<\/div>\n\n\t\t\t\t\t\t<\/div>\n\t\t\t\t<\/div>\n\t\t\t\t\t<\/div>\n\t\t<\/div>\n\t\t\t\t\t<\/div>\n\t\t<\/section>\n\t\t\t\t<section class=\"elementor-section elementor-top-section elementor-element elementor-element-8e28746 elementor-section-boxed elementor-section-height-default elementor-section-height-default\" data-id=\"8e28746\" data-element_type=\"section\">\n\t\t\t\t\t\t<div class=\"elementor-container elementor-column-gap-default\">\n\t\t\t\t\t<div class=\"elementor-column elementor-col-100 elementor-top-column elementor-element elementor-element-5748d86\" data-id=\"5748d86\" data-element_type=\"column\">\n\t\t\t<div class=\"elementor-widget-wrap elementor-element-populated\">\n\t\t\t\t\t\t<div class=\"elementor-element elementor-element-d0a8ab8 elementor-widget elementor-widget-heading\" data-id=\"d0a8ab8\" data-element_type=\"widget\" data-widget_type=\"heading.default\">\n\t\t\t\t<div class=\"elementor-widget-container\">\n\t\t\t\t\t<h2 class=\"elementor-heading-title elementor-size-default\">S\u00e3o Manuel<\/h2>\t\t\t\t<\/div>\n\t\t\t\t<\/div>\n\t\t\t\t\t<\/div>\n\t\t<\/div>\n\t\t\t\t\t<\/div>\n\t\t<\/section>\n\t\t\t\t<section class=\"elementor-section elementor-top-section elementor-element elementor-element-5cbc5e9 elementor-section-boxed elementor-section-height-default elementor-section-height-default\" data-id=\"5cbc5e9\" data-element_type=\"section\">\n\t\t\t\t\t\t<div class=\"elementor-container elementor-column-gap-default\">\n\t\t\t\t\t<div class=\"elementor-column elementor-col-100 elementor-top-column elementor-element elementor-element-22bb3f5\" data-id=\"22bb3f5\" data-element_type=\"column\">\n\t\t\t<div class=\"elementor-widget-wrap elementor-element-populated\">\n\t\t\t\t\t\t<div class=\"elementor-element elementor-element-c23dffc ha-image-grid--even elementor-widget elementor-widget-ha-image-grid happy-addon ha-image-grid\" data-id=\"c23dffc\" data-element_type=\"widget\" data-settings=\"{&quot;layout&quot;:&quot;even&quot;,&quot;enable_popup&quot;:&quot;yes&quot;}\" data-widget_type=\"ha-image-grid.default\">\n\t\t\t\t<div class=\"elementor-widget-container\">\n\t\t\t\t\t\n\t\t<div class=\"ha-image-grid__wrap hajs-isotope ha-lightbox--has\">\n\t\t\t\t\t\t\t\n\t\t\t\t<a href=\"#\" data-mfp-src=\"https:\/\/quasepedagogico.com.br\/site2\/wp-content\/uploads\/2021\/12\/Museu-e-Biblioteca-antiga-Prefeitura-3.jpg\" class=\"ha-image-grid__item ha-js-lightbox __fltr-1\">\n\t\t\t\t\t<img loading=\"lazy\" decoding=\"async\" width=\"600\" height=\"800\" src=\"https:\/\/quasepedagogico.com.br\/site2\/wp-content\/uploads\/2021\/12\/Museu-e-Biblioteca-antiga-Prefeitura-3.jpg\" class=\"elementor-animation-grow\" alt=\"\" srcset=\"https:\/\/quasepedagogico.com.br\/site2\/wp-content\/uploads\/2021\/12\/Museu-e-Biblioteca-antiga-Prefeitura-3.jpg 600w, https:\/\/quasepedagogico.com.br\/site2\/wp-content\/uploads\/2021\/12\/Museu-e-Biblioteca-antiga-Prefeitura-3-225x300.jpg 225w, https:\/\/quasepedagogico.com.br\/site2\/wp-content\/uploads\/2021\/12\/Museu-e-Biblioteca-antiga-Prefeitura-3-45x60.jpg 45w\" sizes=\"(max-width: 600px) 100vw, 600px\" \/>\t\t\t\t<\/a>\n\t\t\t\t\t\t\t\n\t\t\t\t<a href=\"#\" data-mfp-src=\"https:\/\/quasepedagogico.com.br\/site2\/wp-content\/uploads\/2021\/12\/Fazenda-Igualdade-3.jpg\" class=\"ha-image-grid__item ha-js-lightbox __fltr-1\">\n\t\t\t\t\t<img loading=\"lazy\" decoding=\"async\" width=\"640\" height=\"434\" src=\"https:\/\/quasepedagogico.com.br\/site2\/wp-content\/uploads\/2021\/12\/Fazenda-Igualdade-3.jpg\" class=\"elementor-animation-grow\" alt=\"\" srcset=\"https:\/\/quasepedagogico.com.br\/site2\/wp-content\/uploads\/2021\/12\/Fazenda-Igualdade-3.jpg 640w, https:\/\/quasepedagogico.com.br\/site2\/wp-content\/uploads\/2021\/12\/Fazenda-Igualdade-3-300x203.jpg 300w, https:\/\/quasepedagogico.com.br\/site2\/wp-content\/uploads\/2021\/12\/Fazenda-Igualdade-3-88x60.jpg 88w\" sizes=\"(max-width: 640px) 100vw, 640px\" \/>\t\t\t\t<\/a>\n\t\t\t\t\t\t\t\n\t\t\t\t<a href=\"#\" data-mfp-src=\"https:\/\/quasepedagogico.com.br\/site2\/wp-content\/uploads\/2021\/12\/escola-3.jpg\" class=\"ha-image-grid__item ha-js-lightbox __fltr-1\">\n\t\t\t\t\t<img loading=\"lazy\" decoding=\"async\" width=\"640\" height=\"434\" src=\"https:\/\/quasepedagogico.com.br\/site2\/wp-content\/uploads\/2021\/12\/escola-3.jpg\" class=\"elementor-animation-grow\" alt=\"\" srcset=\"https:\/\/quasepedagogico.com.br\/site2\/wp-content\/uploads\/2021\/12\/escola-3.jpg 640w, https:\/\/quasepedagogico.com.br\/site2\/wp-content\/uploads\/2021\/12\/escola-3-300x203.jpg 300w, https:\/\/quasepedagogico.com.br\/site2\/wp-content\/uploads\/2021\/12\/escola-3-88x60.jpg 88w\" sizes=\"(max-width: 640px) 100vw, 640px\" \/>\t\t\t\t<\/a>\n\t\t\t\t\t\t\t\n\t\t\t\t<a href=\"#\" data-mfp-src=\"https:\/\/quasepedagogico.com.br\/site2\/wp-content\/uploads\/2021\/12\/Tonico-e-Tinoco-3.jpg\" class=\"ha-image-grid__item ha-js-lightbox __fltr-1\">\n\t\t\t\t\t<img loading=\"lazy\" decoding=\"async\" width=\"600\" height=\"839\" src=\"https:\/\/quasepedagogico.com.br\/site2\/wp-content\/uploads\/2021\/12\/Tonico-e-Tinoco-3.jpg\" class=\"elementor-animation-grow\" alt=\"\" srcset=\"https:\/\/quasepedagogico.com.br\/site2\/wp-content\/uploads\/2021\/12\/Tonico-e-Tinoco-3.jpg 600w, https:\/\/quasepedagogico.com.br\/site2\/wp-content\/uploads\/2021\/12\/Tonico-e-Tinoco-3-215x300.jpg 215w, https:\/\/quasepedagogico.com.br\/site2\/wp-content\/uploads\/2021\/12\/Tonico-e-Tinoco-3-43x60.jpg 43w\" sizes=\"(max-width: 600px) 100vw, 600px\" \/>\t\t\t\t<\/a>\n\t\t\t\t\t<\/div>\n\n\t\t\t\t\t\t<\/div>\n\t\t\t\t<\/div>\n\t\t\t\t\t<\/div>\n\t\t<\/div>\n\t\t\t\t\t<\/div>\n\t\t<\/section>\n\t\t\t\t<\/div>\n\t\t","protected":false},"excerpt":{"rendered":"<p>Carta de 23 de Maio de 1932 Cemit\u00e9rio da Consola\u00e7\u00e3o S\u00e3o Manuel<\/p>\n","protected":false},"author":1,"featured_media":0,"parent":0,"menu_order":0,"comment_status":"closed","ping_status":"closed","template":"","meta":{"_coblocks_attr":"","_coblocks_dimensions":"","_coblocks_responsive_height":"","_coblocks_accordion_ie_support":"","_monsterinsights_skip_tracking":false,"_monsterinsights_sitenote_active":false,"_monsterinsights_sitenote_note":"","_monsterinsights_sitenote_category":0,"footnotes":""},"class_list":["post-2434","page","type-page","status-publish","hentry","latest_post"],"aioseo_notices":[],"_links":{"self":[{"href":"https:\/\/quasepedagogico.com.br\/site2\/wp-json\/wp\/v2\/pages\/2434","targetHints":{"allow":["GET"]}}],"collection":[{"href":"https:\/\/quasepedagogico.com.br\/site2\/wp-json\/wp\/v2\/pages"}],"about":[{"href":"https:\/\/quasepedagogico.com.br\/site2\/wp-json\/wp\/v2\/types\/page"}],"author":[{"embeddable":true,"href":"https:\/\/quasepedagogico.com.br\/site2\/wp-json\/wp\/v2\/users\/1"}],"replies":[{"embeddable":true,"href":"https:\/\/quasepedagogico.com.br\/site2\/wp-json\/wp\/v2\/comments?post=2434"}],"version-history":[{"count":17,"href":"https:\/\/quasepedagogico.com.br\/site2\/wp-json\/wp\/v2\/pages\/2434\/revisions"}],"predecessor-version":[{"id":2485,"href":"https:\/\/quasepedagogico.com.br\/site2\/wp-json\/wp\/v2\/pages\/2434\/revisions\/2485"}],"wp:attachment":[{"href":"https:\/\/quasepedagogico.com.br\/site2\/wp-json\/wp\/v2\/media?parent=2434"}],"curies":[{"name":"wp","href":"https:\/\/api.w.org\/{rel}","templated":true}]}}